
Suppose 10*p - 87093 = p + 92250. What is the units digit of p?
7
Let t = 34 + -31. Suppose 0 = -3*y - 2*o + 234, 0 = t*y - 5*o - 45 - 210. Suppose r - y = i, -3*r - 4*i + 2*i = -230. What is the units digit of r?
8
What is the tens digit of (5 - 15) + (11078 - -3)?
7
Suppose 6*c = 10*c - 996. Let h = c - 33. What is the tens digit of h?
1
Let r(j) = 101*j**2 - 2*j + 7. Let k(w) = 4*w**2 + 52*w + 3. Let z be k(-13). What is the tens digit of r(z)?
1
Let v = 12503 - 1880. What is the units digit of v?
3
Let m = 11455 - -2478. What is the ten thousands digit of m?
1
Let q(t) = 10*t**2 - 331*t + 24. Let d be q(33). Let g(u) = u - 30. Let z be g(0). What is the tens digit of (1 + -46)*(z/d - 7)?
6
What is the hundreds digit of 169 - 175 - (17552*1)/(-1)?
5
Let p(m) = 29*m**3 - 10*m**2 - 30*m**3 - 42*m + 34*m**2 - 10. What is the units digit of p(22)?
4
Let f(j) = -3*j**2 + 11*j - 1. Suppose 1 = -5*l - 2*d + 22, -3*l + 11 = 2*d. Let r be f(l). What is the units digit of (-7)/r + (-880)/(-6)?
7
Let p be ((-119)/14 + 8)*-8. Suppose -p*q - 5*t + 543 = -2493, 0 = 3*q - 5*t - 2242. What is the tens digit of q?
5
Let o(h) = 9*h**2 + h + 1. Let x be o(-1). Suppose 1821 = x*u - 1095. What is the hundreds digit of u?
3
Let h = 12 - 26. Let n = h - -22. What is the units digit of 4/((-8)/(-7))*n?
8
Suppose 2*s - s + 136 = 2*b, 8 = -2*s. Suppose 2224 = 5*u + 4*r, 0 = 2*u + 3*r + b - 957. What is the tens digit of u?
4
Let k(q) = 4*q + 20. Let p be k(-5). Let y(w) = -3*w**2 + 8. Let n be y(p). Let m(d) = d**3 - 4*d**2 - 3*d + 5. What is the hundreds digit of m(n)?
2
Suppose -l - 5*m + 31 = 0, 4*l = 2*m - 7*m + 139. Let z be ((l/14)/3)/(6/28). Suppose 3*p + 99 = z*p. What is the units digit of p?
9
Suppose -3822 = 4*c + o - 56625, -39585 = -3*c + 5*o. What is the tens digit of c?
0
Let i be 1 + 3 - 8/(-2 + 10). Suppose -k - 5284 = -3*o, 0 = i*o - 3*k - 0*k - 5274. What is the units digit of o?
3
Suppose 6*n - 46101 = -5572 + 4945. What is the thousands digit of n?
7
Suppose 90 = 18*o - 13*o. Suppose 7*l - o*l + 8756 = 0. What is the hundreds digit of l?
7
Let k be (-2*2/16)/((-5)/20). Let s be 6 - k*(5 + -3). What is the tens digit of s/(-10) - 1588/(-20)?
7
Let s(r) = 21*r - 123. Let b be s(6). Suppose 0*m + m - 4*g = 1306, g - b = 0. What is the units digit of m?
8
What is the hundreds digit of -10*(-66702)/(-24)*-7*(-8)/(-20)?
8
Let d be 40/(-7) - (-2)/(-7). Let b be -4 - -10 - (-2 - d). Suppose 2*q - 272 = -5*x, 2*x = -6*q + b*q + 112. What is the tens digit of x?
5
Suppose 3*p + 3*w = -9396 + 1356, 3*w = -5*p - 13404. Let c = 4166 + p. What is the tens digit of c?
8
Suppose -35 = -p - 16. Suppose p*w - 15*w - 3248 = 0. Suppose 4*r = 11*r - w. What is the tens digit of r?
1
Let k be (-2)/9 - (-10090)/45. Let z = k + -175. What is the units digit of z?
9
Suppose 0 = -3*b - d - 1514 + 33893, 0 = 4*b + 4*d - 43172. What is the ten thousands digit of b?
1
Let s be 0/((4/4)/((-1)/2)). Suppose 0 = -20*p - s*p + 9380. What is the hundreds digit of p?
4
Let c(p) = p**2 + 75*p + 1481. What is the thousands digit of c(-103)?
4
Let x(f) = f**3 + 3*f**2 + 4*f + 3. Let l be x(-3). What is the hundreds digit of 2/(2 - 4) - 2367/l?
2
Let q(f) = 2*f**2 - f - 7. Let w(p) = -p - 5. Let g be w(-5). Let k be q(g). Let l(c) = c**3 + 8*c**2 - 6*c + 13. What is the hundreds digit of l(k)?
1
Let n(t) = -35*t + 4. Let m be n(5). Let i be (72059/598)/(2*1/4). Let f = i + m. What is the tens digit of f?
7
What is the hundreds digit of ((-49)/(-42)*3)/((-3)/(-3522))?
1
What is the tens digit of (2 + 14086/(-4))/(8/(-16))?
3
Let s(j) = 16*j**2 + j - 41. Suppose g = 3*n + 13, -2*g - g = 6. What is the hundreds digit of s(n)?
3
Let q = 146 + -146. Suppose z - 441 = -q*z - t, -5*z - t = -2197. What is the hundreds digit of z?
4
Let t(g) = 40*g. Let d be t(0). Suppose d = -30*f + 11407 + 23093. What is the thousands digit of f?
1
What is the tens digit of ((-54480)/25)/((-5 - 1)*2/80)?
2
Let i be ((-2)/4 + 2)/((-3)/(-6)). Suppose -2*k = -i*o + 166 - 1, 3*o = 15. What is the hundreds digit of ((-136)/(-10))/((-10)/k)?
1
Let v(j) = -j**2 + 25*j + 247. Let f be v(32). Suppose f*w = 22*w + 678. What is the tens digit of w?
7
Let o = 110490 + -72777. What is the ten thousands digit of o?
3
Let n(g) = g**3 + 8*g**2 - 17*g + 19. Let k be n(-8). Suppose j = -5, -2*o + 3*j + k = -7*o. Let l = 103 - o. What is the hundreds digit of l?
1
Suppose 5*k + 299 = 89. Let a be (2 - (-2 - -10)) + (70 - -3). Let s = k + a. What is the units digit of s?
5
Let a be 10/(((-3)/9 - -1)*3). Suppose 0 = -a*v - 5 + 15. What is the hundreds digit of v/(28/(-1526)*(-1)/1)?
1
Suppose 4*b - w = 0, w + 12 = 4*b - 3*w. Let t(y) = 1398*y**2 + 10*y + 10. What is the units digit of t(b)?
8
Let v = -57 + 73. Suppose 5*f = g - 3*g - 117, 0 = 4*g - v. Let p = 33 + f. What is the units digit of p?
8
Suppose 78*h - 2371357 = 3058223. What is the ten thousands digit of h?
6
What is the tens digit of 6 - (8 + 0)/(28/(-130886))?
0
Let l = 53 + -57. Let u(w) = 5*w**2 - 9*w - 30. What is the tens digit of u(l)?
8
Suppose 0 = -7*c + 45*c. Suppose c = 4*x + 3*d - 5024, 3*d + 800 = x - 471. What is the units digit of x?
9
Let j(z) = 19*z**2 + 20*z - 17. Let x be j(5). Suppose -3*s + 3*y + 1605 = 0, s + 5*y = x + 1. What is the units digit of s?
9
Let y(i) = -3*i**2 + 11*i**2 - 5*i**2 - 3 - 6*i. Let b be y(2). What is the tens digit of (-87)/(-2)*b*(-5 - -3)?
6
Let c = 15748 + 3574. What is the thousands digit of c?
9
Let p(i) = -5*i - 112. Let t be p(-23). What is the units digit of (t*(-14)/35)/(1/(-180))?
6
Let k(a) = -18*a + 68. Let j be k(3). Suppose -j*g = -1510 - 2844. What is the units digit of g?
1
Let a be (-26)/13 - (-574)/2. Let j = 42 + a. What is the hundreds digit of j?
3
What is the ten thousands digit of (1046/7)/((-741)/(-150423))?
3
Suppose 4197 + 230148 = 17*y. What is the units digit of y?
5
Suppose -16*k - 107184 = -9*k. What is the hundreds digit of (-6)/21 + k/(-84)?
1
Suppose 21*v - 26*v + b + 62490 = 0, -62490 = -5*v - 5*b. What is the hundreds digit of v?
4
Let k(u) = -21*u**2 - 19 - 70*u**3 - 63*u**3 + 15*u - 62*u**3 + 196*u**3. What is the hundreds digit of k(21)?
2
Suppose -233732 = -58*z + 106032. What is the hundreds digit of z?
8
Suppose -4*h = -u - 137157, -58646 = -2*h + 5*u + 9955. What is the tens digit of h?
8
What is the thousands digit of 2/(-18)*(-5 + -1)*13998?
9
Suppose 7*w - 6*w - 2059 = 0. Suppose -4*o = -12, 0 = 32*v - 33*v - 3*o + w. What is the tens digit of v?
5
Let b = 1883 + 1547. What is the hundreds digit of b?
4
Let n be (-4)/2 - 19/(19/30). Let z = n + 34. Suppose z = 2*d, 0 = 5*v - 4*d + d - 157. What is the tens digit of v?
3
Suppose 4*g = 275 - 1155. What is the tens digit of (-14564)/(-14) + (g/35 - -6)?
4
Suppose 3*z + 3*f = 120075, 33*z - 120035 = 30*z + 2*f. What is the ten thousands digit of z?
4
Let r(a) = -a**3 - 11*a**2 + a - 16. Let i be 1 - 58/(-2) - (2 + -5). Suppose -i*u = -32*u + 12. What is the hundreds digit of r(u)?
1
Let i = -14442 + 57160. What is the units digit of i?
8
Let n(s) = -11*s - 6. Let r(i) = i**3 + i**2 + 3*i + 4. Let f be r(-2). Let a(g) = 10*g + 5. Let h(u) = f*n(u) - 7*a(u). What is the tens digit of h(-4)?
1
Let g be (-18)/(-27) - 19776/(-9). Let y = g + -1450. What is the units digit of y?
8
Let x = 23334 - 16642. What is the hundreds digit of x?
6
Suppose 76*c = 81*c - 9410. What is the units digit of c?
2
Let y = -9 - -35. Suppose -3*x + y = 8. What is the units digit of (-202)/(-4)*(8 - x)?
1
Let r = 3835 - -2188. What is the tens digit of r?
2
Let s(p) = -290*p**3 + 3*p**2 + 5*p + 3. Let l = 347 - 348. What is the units digit of s(l)?
1
Let t = -3745 + 10423. Suppose -385*y + 379*y + t = 0. What is the thousands digit of y?
1
Let g(c) = -24*c + 11. Let z = 84 - 94. What is the tens digit of g(z)?
5
Suppose 3678 = -2*p - 4*f, 16*p = 11*p - 3*f - 9216. Let b = p + 2608. What is the units digit of b?
3
Let l(x) = -6039*x + 4901. What is the units digit of l(-12)?
9
Suppose 24*o - 626130 = -138*o. What is the tens digit of o?
6
Let g(f) = -f**2 - 38*f + 45. Let i be g(-37). Suppose -o - i = -5*k + 167, 0 = -2*k + 5*o + 118. What is the tens digit of k?
4
Suppose -3*y + 200 = 47*y. What is the thousands digit of (39328/(-128))/((-1)/y)?
1
Let 